d d.
3
Let f(l) = -11*l**2 + 2*l + 3. Let y be f(4). Let o = y + 410. What is the highest common factor of 35 and o?
35
Let j be (-6760)/(-572) - 4/(-22). Calculate the highest common divisor of j and 84.
12
Suppose 5*d = -22 + 32. Suppose 4*b - 52 = -0*w + d*w, 4*b + 2*w - 44 = 0. Let c = -198 + 330. Calculate the highest common factor of b and c.
12
Let f = 1476 - 1220. Calculate the highest common factor of 16 and f.
16
Let u = 60 - 48. What is the greatest common factor of 12 and u?
12
Suppose -4*j + 282 = -2*h, 3*h + 131 = 3*j - j. Let o = j + -41. Calculate the highest common factor of 4 and o.
4
Let o = 242 - -1. Let d(g) = -6*g + 3. Let w be d(-4). Calculate the highest common factor of o and w.
27
Let f(y) = -5*y**2 - 51*y + y**2 - 23 + 3*y**2 + 33*y. Let s be f(-16). What is the highest common factor of 99 and s?
9
Suppose -18*w + 131 + 49 = 0. Let x = 6 - 2. Suppose -x*f - 60 = -6*f. What is the greatest common factor of f and w?
10
Let k(z) be the second derivative of -25*z**3/3 + 3*z**2/2 + z. Suppose -4*b - 2 = 10. Let m be k(b). What is the highest common divisor of m and 17?
17
Let t(n) = -3*n**2 + 10*n + 9. Let i be t(3). What is the greatest common divisor of 12 and i?
12
Let c = 36 - 26. Let d(p) = -71*p**3 - p**2 + p + 1. Let a(s) = -s**3 - 4*s**2 - 1. Let h be a(-4). Let q be d(h). What is the highest common factor of c and q?
10
Suppose -16*t = -12*t - 240. Let w = 9 - -6. Calculate the greatest common factor of w and t.
15
Let v(d) = 6*d - 2*d**2 + 8 + 3*d**2 - 2. Let o be (-1 + -1)*-1*-3. Let r be v(o). What is the highest common factor of r and 12?
6
Let u(y) = y**2 - 61*y + 525. Let l be u(10). What is the greatest common divisor of 5 and l?
5
Suppose 1366 = 2*a - 0*a. Let p = -395 + a. Calculate the greatest common factor of p and 32.
32
Let u(o) = 4*o**2 + 16*o + 42. Let z be u(-3). What is the highest common divisor of z and 60?
30
Let y(a) = -2*a**3 - 4*a**2 - 5*a - 1. Let x(c) = -c**3 + 17*c**2 + 16*c + 33. Let w be x(18). Let j be y(w). What is the highest common divisor of 352 and j?
32
Let m = -94 + 138. Let z(x) = 35*x**2 - 2*x. Let l be z(1). What is the greatest common factor of l and m?
11
Suppose 0 = 4*t + l - 0*l - 216, -t - l = -51. Let i(u) = -21*u + 62. Let m be i(-18). Calculate the greatest common factor of t and m.
55
Let z be (-18 - -14)*(-1)/((-4)/(-6)). Let c be 0 + -2 - 21 - 3. Let s = 38 + c. Calculate the greatest common divisor of s and z.
6
Let k(w) = 3*w**2 + 16*w + 11. Let a(c) = -c**3 - 17*c**2 - 17*c - 27. Let b be a(-16). Let u be k(b). What is the greatest common divisor of u and 22?
22
Suppose 2*w - 18 = 2*o, -115*w + 117*w - o = 17. What is the highest common divisor of w and 136?
8
Suppose -253 = -23*x + 2645. Let w(f) = -f**3 + 7*f**2 + 10*f - 2. Let m be w(8). Calculate the highest common divisor of x and m.
14
Let g = 50 + -44. Suppose 5*y - g*y = -23. Calculate the highest common divisor of y and 69.
23
Let z = -584 - -609. Let a be (2 - 0) + 3 + -1. Suppose o + a = 204. What is the highest common factor of o and z?
25
Let l = 132 - 132. Let j = -1 + 1. Suppose x - 4*n = -l*n + 34, -n - 4 = j. Calculate the highest common factor of 18 and x.
18
Let g(t) = -t**3 + 21*t**2 + 21*t + 24. Let v be g(22). Suppose v*b = 0, -2*o + 8 = 4*b - 6. What is the greatest common divisor of o and 56?
7
Let o = 7 + 1. Let i be (-1 - 26/(-10))/((-5)/(-100)). Calculate the highest common divisor of i and o.
8
Suppose 4*b - 4*w = 168, -75 = -3*b - w + 63. Let u be 9 + (5 - 4*36/16). What is the highest common divisor of u and b?
5
Let j be ((-6)/9)/(3*6/(-621)). Let t = -17 + j. Calculate the highest common factor of 18 and t.
6
Let w = -9 - -10. Let z be (w + 26)/(24/16). Suppose -4*h + 4*v + z = -2, -5*v = -h - 3. What is the highest common divisor of h and 49?
7
Let o = 83 - 72. What is the highest common factor of o and 44?
11
Let n = -34 - -23. Let s(b) = b + 25. Let o be s(n). What is the highest common divisor of o and 112?
14
Let r be ((-6)/(-8) - 15/20)/3. Suppose -p + 291 = 5*v + 3*p, -5*p + 20 = r. Calculate the highest common factor of 11 and v.
11
Let r be 8/36 + 172/36. Suppose -4*y = -w + 68, -y + r*y = 8. What is the greatest common factor of 19 and w?
19
Let o(x) = -3*x - 4. Let y be o(-4). Suppose -45 = -7*g - 10. Suppose -2*u + 115 = u + 5*z, -z + 199 = g*u. Calculate the highest common factor of y and u.
8
Suppose 4*a - 19 = 13. Suppose a*p - 90 = -2*p. Let b(x) = x**3 - 7*x**2 + 9*x - 9. Let u be b(6). Calculate the greatest common factor of p and u.
9
Let j be (-6 + 41)/5 + 112. What is the highest common factor of j and 17?
17
Let w(d) = 20*d**3 + d**2 - d + 1. Let z be w(2). Let q = 259 - z. Calculate the highest common factor of 12 and q.
12
Let f(c) be the first derivative of -19*c**4/4 + 2*c**3/3 + c**2 + c + 3. Let m be f(-1). Let q be 118/10 + 4/m. What is the highest common divisor of 6 and q?
6
Suppose -4*z + 4*s = -1150 - 414, 4*s = 0. Calculate the greatest common factor of 23 and z.
23
Let w be 6/24 - 14/(-8). Suppose -4*g + 84 = -d, -3*g - w*d = d - 63. Calculate the highest common divisor of 168 and g.
21
Suppose 2*l = 0, -4*s + 5*l = s + 20. Let d be s/(-1)*3/12. Let t(o) = 105*o**3 - o**2. Let q be t(d). What is the greatest common factor of q and 13?
13
Suppose -19*j + 323 = -95. What is the highest common factor of j and 594?
22
Let l = -1647 + 1794. Calculate the greatest common factor of l and 21.
21
Suppose -46*f - 638 = -75*f. Suppose 0 = 5*p - 3*p - 110. Calculate the highest common divisor of p and f.
11
Let z be -4*3/((-12)/34). What is the highest common divisor of z and 85?
17
Suppose t - 2*z = -5 - 2, 4*t - 2*z = 2. Suppose 3*g = -t*v + 63, 0*v - 2*v = -g - 42. Calculate the greatest common divisor of 84 and v.
21
Let k be 8 - 363/44 - (-98)/8. What is the greatest common factor of 96 and k?
12
Suppose -a + 4*h = -152, 2*a + h + 3*h - 328 = 0. What is the highest common factor of a and 5?
5
Let m(u) = u**3 - 7*u**2 - 3*u + 27. Let q be m(9). Calculate the greatest common divisor of q and 18.
18
Let y be 7 + ((-4)/(-2))/1. Suppose -26*s + 16 = -28*s. Let w be ((1 - 3) + 86)*(-6)/s. What is the highest common divisor of y and w?
9
Suppose -11*w = -10*w - 918. Let d be (-3 - w/(-21)) + (-6)/(-21). Calculate the greatest common divisor of 82 and d.
41
Let n(s) = 2*s - 2. Suppose 86*t - 87*t = -4. Let c be n(t). What is the highest common factor of 102 and c?
6
Let o(i) = 5*i**2 + 5*i - 1. Let h be o(4). Let f be 10 + 1 + -2 + 0/(-5). Calculate the greatest common factor of h and f.
9
Suppose 27*i = 437 + 2830. What is the greatest common divisor of 231 and i?
11
Suppose -29*j + 150 = -256. Calculate the greatest common factor of 28 and j.
14
Suppose 28 = 3*m + 4*x, 0 = -4*m + 2*x + 4 + 4. Suppose -i + 6*i - 30 = 0. Suppose 0 = m*l - 38 + i. What is the greatest common factor of l and 80?
8
Let q(z) = z**3 - 21*z**2 - 17*z + 2. Let l be q(22). What is the highest common divisor of l and 192?
16
Suppose 33*d - 48*d + 195 = 0. What is the highest common factor of 351 and d?
13
Suppose -q = c - 20, 35*q - 3*c = 37*q - 40. What is the highest common divisor of q and 180?
20
Let r = -144 - -287. Suppose 29 = 3*z + 5*d, z + 2*z + 3 = 3*d. Suppose z*h + 51 = 3*u, h = -8 + 4. Calculate the highest common divisor of u and r.
13
Let d = -586 + 639. What is the highest common factor of 477 and d?
53
Let i(h) = -11*h**3 - h**2 + 3*h - 6. Let z be i(-3). What is the highest common divisor of 168 and z?
21
Suppose -2*x + 5 = -11. Let r be (x/12)/((-6)/(-27)) + 2. Calculate the greatest common factor of 115 and r.
5
Let y(v) = 120*v + 2. Let b be y(1). Suppose -b + 87 = -5*z. Calculate the highest common divisor of z and 35.
7
Suppose -2*k + 14*t = 15*t - 801, 2*k = 2*t + 798. What is the greatest common divisor of 16 and k?
16
Suppose 3*t - 377 - 89 = 2*h, 2727 = 17*t + h. Let y be (-128)/(-6)*(6 - 3). What is the greatest common factor of t and y?
32
Let i be (4/5)/((-2)/(-270)). Let d(f) = -46*f - 10. Let g be d(-1). Calculate the highest common factor of g and i.
36
Suppose 16 = -5*g + g. Let m be (-2)/8 - 37/g. Let h = m + -7. What is the greatest common divisor of h and 4?
2
Let p be -2*(-18915)/180 - 2/12. What is the highest common divisor of p and 42?
42
